) in base 10?
-7217
Convert 72161 (base 10) to base 2.
10001100111100001
-3132 (base 4) to base 8
-336
Convert -1131104 (base 5) to base 2.
-101000100101011
Convert 1314 (base 8) to base 3.
222112
What is -23332 (base 9) in base 3?
-210101002
1314044 (base 5) to base 2
110011000100101
Convert -11b (base 14) to base 7.
-434
9a95 (base 14) to base 15
7e0c
Convert 433 (base 11) to base 8.
1010
Convert -80c (base 15) to base 13.
-a95
1021020 (base 4) to base 6
33400
101000001011 (base 2) to base 3
10112020
What is -2230203 (base 4) in base 8?
-25443
-1000000000000100 (base 2) to base 10
-32772
Convert -858 (base 9) to base 7.
-2021
What is 22816 (base 9) in base 3?
202220120
What is -5064 (base 14) in base 6?
-143532
What is -352 (base 8) in base 9?
-280
Convert -1111000011011 (base 2) to base 5.
-221312
Convert 1a4 (base 11) to base 5.
1420
-42526 (base 8) to base 2
-100010101010110
5c12 (base 15) to base 6
230412
Convert -2102201 (base 3) to base 5.
-24044
11110111110011 (base 2) to base 6
201231
What is -342542 (base 6) in base 5?
-1413100
Convert 261 (base 8) to base 9.
216
Convert 56673 (base 9) to base 13.
14235
What is 257 (base 12) in base 8?
543
-997 (base 10) to base 13
-5b9
2013302 (base 4) to base 3
102220212
What is 11c (base 16) in base 8?
434
Convert -5097 (base 10) to base 15.
-179c
What is 11022 (base 4) in base 8?
512
3285 (base 14) to base 6
104245
-6244 (base 13) to base 9
-20554
-1c2 (base 13) to base 16
-147
Convert c3 (base 16) to base 10.
195
-204414 (base 6) to base 2
-100000010111010
What is 2c9 (base 14) in base 3?
210002
-431433 (base 5) to base 16
-391a
2260 (base 11) to base 15
d30
Convert -1044303 (base 5) to base 4.
-10210033
What is -2112a (base 12) in base 7?
-240316
112021001 (base 3) to base 5
313041
What is 5896 (base 12) in base 7?
40611
Convert 728 (base 10) to base 7.
2060
6465 (base 8) to base 6
23353
Convert -11010111111111 (base 2) to base 6.
-143555
Convert -1df (base 16) to base 13.
-2ab
What is 1de (base 15) in base 4?
12302
Convert 152251 (base 6) to base 7.
61060
What is 1084 (base 11) in base 8?
2617
What is -1011110011111001 (base 2) in base 5?
-3022002
10000111 (base 2) to base 4
2013
What is -146c (base 15) in base 5?
-120002
-13201323 (base 4) to base 12
-15a23
What is -104525 (base 6) in base 10?
-8837
What is -11321013 (base 4) in base 7?
-130236
5364 (base 11) to base 10
7088
Convert 202550 (base 7) to base 2.
1000011100010100
What is 17970 (base 11) in base 16?
6224
Convert 1235 (base 6) to base 9.
375
27268 (base 11) to base 16
9803
Convert -175b (base 13) to base 6.
-24000
Convert -3c2 (base 13) to base 8.
-1231
-210222112 (base 3) to base 11
-11049
-1b3 (base 13) to base 4
-10323
404224 (base 6) to base 9
47867
What is -4850 (base 12) in base 15?
-2619
What is -110021 (base 3) in base 9?
-407
What is 132 (base 10) in base 2?
10000100
Convert 428 (base 11) to base 3.
201001
Convert 8686 (base 9) to base 5.
201041
-36650 (base 10) to base 4
-20330222
Convert 2a4 (base 13) to base 12.
334
Convert -613 (base 9) to base 11.
-413
Convert 230 (base 5) to base 4.
1001
Convert -184a (base 16) to base 2.
-1100001001010
Convert -b0b (base 15) to base 12.
-1532
-301 (base 7) to base 3
-12111
What is 13c08 (base 15) in base 14?
191aa
313 (base 4) to base 16
37
23133 (base 5) to base 7
4602
Convert -100111001 (base 2) to base 4.
-10321
-313 (base 6) to base 5
-432
Convert 6855 (base 14) to base 9.
26748
-254 (base 14) to base 4
-13102
What is 1011020 (base 3) in base 13?
4cb
Convert 128c (base 14) to base 7.
12335
What is -11336 (base 9) in base 2?
-1110110001110
Convert 3b4a (base 12) to base 11.
5146
Convert 177 (base 15) to base 16.
151
-175 (base 15) to base 4
-11033
Convert 1217 (base 11) to base 12.
b07
What is -14227 (base 8) in base 2?
-1100010010111
-252 (base 9) to base 2
-11010001
What is -100111011111 (base 2) in base 12?
-1567
130312 (base 4) to base 10
1846
What is -10678 (base 10) in base 8?
-24666
What is -215 (base 8) in base 6?
-353
Convert -1845 (base 9) to base 3.
-1221112
What is 1000100101100100 (base 2) in base 7?
204354
37a (base 12) to base 15
251
13222 (base 7) to base 10
3544
-289 (base 15) to base 2
-1001000011
Convert -1248 (base 9) to base 16.
-3a7
What is 42121 (base 5) in base 6?
20522
3655 (base 7) to base 3
1212111
Convert 5452 (base 9) to base 15.
12cb
-56504 (base 8) to base 10
-23876
What is 28722 (base 10) in base 15?
879c
Convert 1368a (base 12) to base 6.
324254
Convert -11000111000110 (base 2) to base 6.
-134554
What is -2c4 (base 15) in base 12?
-44a
7a (base 16) to base 11
101
Convert 293 (base 11) to base 6.
1332
What is -6435 (base 11) in base 3?
-102200010
Convert -11120 (base 3) to base 13.
-96
1101000000001 (base 2) to base 4
1220001
What is -47 (base 9) in base 13?
-34
-443065 (base 7) to base 8
-230124
What is 1179 (base 15) in base 11?
2877
What is 225 (base 14) in base 4?
12221
Convert 1628 (base 9) to base 2.
10011011001
Convert 1072a (base 12) to base 8.
52422
Convert 1319 (base 10) to base 13.
7a6
772 (base 12) to base 11
905
Convert -13205 (base 6) to base 8.
-3745
Convert 283e (base 16) to base 10.
10302
Convert -b4 (base 15) to base 11.
-144
Convert 2235 (base 12) to base 13.
1952
-530 (base 7) to base 6
-1122
Convert 21 (base 3) to base 16.
7
What is -8bc (base 13) in base 16?
-5e3
What is -4242 (base 7) in base 11?
-1144
-9909 (base 11) to base 13
-5c4c
Convert 101c (base 13) to base 5.
32342
Convert -2426 (base 8) to base 10.
-1302
Convert -2336 (base 12) to base 10.
-3930
Convert 122321 (base 4) to base 9.
2322
16643 (base 8) to base 4
1312203
What is 1200020 (base 5) in base 9?
33016
47040 (base 8) to base 10
20000
-13d (base 16) to base 7
-632
What is -86 (base 13) in base 5?
-420
-1031 (base 6) to base 15
-10a
3222220 (base 5) to base 16
d59d
What is -489 (base 11) in base 8?
-1105
What is 10220020 (base 3) in base 9?
3806
ab (base 12) to base 15
8b
Convert -1726 (base 11) to base 9.
-3021
What is 1003440 (base 5) in base 14?
5c36
264 (base 15) to base 8
1040
What is 2a4 (base 11) in base 14?
1b6
Convert -454a (base 11) to base 16.
-175f
What is 1100000100010001 (base 2) in base 14?
14025
2501 (base 6) to base 15
2ad
-243 (base 11) to base 10
-289
-2232012 (base 5) to base 12
-1ab28
-44241 (base 8) to base 11
-12a73
What is 5510 (base 7) in base 9?
2625
Convert 40300 (base 5) to base 9.
3471
-343015 (base 6) to base 7
-151022
1114 (base 6) to base 15
127
What is -11110100 (base 2) in base 14?
-136
43333 (base 5) to base 11
2259
What is 113033 (base 4) in base 13?
8a5
Convert -424 (base 6) to base 11.
-136
1210 (base 6) to base 12
206
What is 21b (base 14) in base 7?
1134
What is 5972 (base 10) in base 9?
8165
What is -24232 (base 5) in base 10?
-1817
-314 (base 8) to base 11
-176
Convert 100110100 (base 2) to base 14.
180
1401 (base 5) to base 15
101
Convert -3e1c (base 15) to base 8.
-31766
Convert 5554 (base 6) to base 16.
50e
12012021 (base 4) to base 11
1783a
Convert 4201 (base 7) to base 16.
5bf
-711 (base 10) to base 12
-4b3
What is 33301 (base 4) in base 11?
838
-1203 (base 5) to base 13
-109
Convert 12714 (base 9) to base 6.
103451
2351 (base 13) to base 2
1001101100111
What is 40284 (base 9) in base 4?
12131302
Convert 20230332 (base 4) to base 9.
53806
-40301 (base 6) to base 16
-14ad
1223210 (base 4) to base 13
3197
Convert -11c (base 16) to base 3.
-101112
Convert -525 (base 6) to base 5.
-1242
What is -1505 (base 6) in base 2?
-110010001
Convert -23051 (base 12) to base 7.
-253126
What is 2038 (base 10) in base 8?
3766
Convert 311 (base 8) to base 4.
3021
-10211 (base 4) to base 7
-566
What is 10415 (base 11) in base 14?
5737
What is 40031 (base 6) in base 11?
3a00
Convert -2bc5 (base 15) to base 6.
-111322
What is 85a (base 11) in base 5?
13113
What is -686b (base 12) in base 15?
-3688
2ac (base 13) to base 8
740
Convert 100100000 (base 2) to base 11.
242
Convert 303414 (base 5) to base 6.
113351
6465 (base 8) to base 2
110100110101
412442 (base 5) to base 16
34b9
Convert -22120 (base 3) to base 14.
-127
What is 71 (base 16) in base 2?
1110001
What is 1151 (base 6) in base 16?
11b
-23144 (base 7) to base 4
-1130120
Convert -a15 (base 13) to base 3.
-2100021
What is 330 (base 6) in base 12?
a6
-16a7 (base 11) to base 15
